 of j?
1
Let n(b) = -7*b - 4. Let u(m) = -4*m - 2. Let r(h) = -3*n(h) + 5*u(h). Let k be (-2)/((8/6)/(-2)). What is the units digit of r(k)?
5
What is the units digit of (72/14)/(18/84)?
4
Let m = -19 - -35. What is the units digit of m?
6
Suppose 42 = k - 21. What is the units digit of k?
3
Suppose -5*q = -17 - 38. What is the units digit of q/2*(2 + 0)?
1
Let s = -50 - -93. What is the tens digit of s?
4
Let m be (-5)/3 + 2/(-6). What is the units digit of 10/(-1 - (m + -1))?
5
Suppose 3*x - 910 - 328 = a, -2064 = -5*x + a. What is the tens digit of x?
1
Suppose 4*w = 2 + 10. Suppose 2*d - w*d = -14. What is the units digit of d?
4
Let h = -109 - -130. What is the units digit of h?
1
Suppose -4*k + 20 = -2*x, 4*k - 20 = -2*x - 0*x. Let v(s) = s**2 - s + 7. What is the units digit of v(x)?
7
Let o be 1/2*116/2. Let u = -17 + o. Let n = 31 - u. What is the tens digit of n?
1
Let f(i) = 9*i + 22. What is the units digit of f(10)?
2
Suppose 4*p = 9 - 1, n = 3*p + 183. What is the units digit of n?
9
Let m(g) = 11*g - 28. What is the tens digit of m(15)?
3
Suppose 2*z - 280 = -2*d + d, -4*z = d - 560. What is the hundreds digit of z?
1
What is the units digit of (1/2)/((-1)/(-6))?
3
Let n be (-5)/(25/21)*5. Suppose -4*a - 72 = -16. Let x = a - n. What is the units digit of x?
7
Let x(l) = l**2 - l + 15. Suppose 5*y = -0*r - 2*r + 5, 4 = 4*y. Let s be x(r). Suppose -3*q - s = -8*q. What is the units digit of q?
3
Let r(w) = w**3 - 5*w**2 - 7*w + 4. Let c be r(6). What is the tens digit of (-38)/(-2 - c - 2)?
1
Suppose -d + 6*d - 5*o = 475, 0 = d + 4*o - 90. Let y = d + -41. What is the tens digit of y?
5
Let f be (-10)/4 - (-7)/14. Let v = f - -3. What is the units digit of v?
1
Suppose 10 + 6 = 4*m, q + 4*m = 18. Suppose -q*w - 94 = -4*w. What is the tens digit of w?
4
Suppose -2*t - t = -5*b - 30, t + 5*b + 10 = 0. Suppose 4*z = -z + t*i - 20, -10 = 5*z + 5*i. Let w = z - -7. What is the units digit of w?
4
Let j = 4 + 0. Suppose -c + 55 = j*c. What is the tens digit of c?
1
Let f(w) = -w**3 + 9*w**2 + 12*w + 7. What is the units digit of f(10)?
7
Let w(p) = p**2 + 6*p + 7. Let h be ((-18)/(-4))/((-2)/4). Let s = h + 3. What is the units digit of w(s)?
7
Let t = 70 - 28. What is the units digit of t?
2
Let x(p) = 27*p + 16. What is the tens digit of x(10)?
8
Let n be (30/(-4) + 1)*2. What is the tens digit of 1 - 3 - n*1?
1
Let c be (-18)/27 + (-47)/(-3). Suppose c = 2*j - 7. What is the tens digit of j?
1
Suppose -2*q - 20 + 84 = 0. What is the tens digit of q?
3
Let z be (-13 + 0)*(-4)/4. Suppose 0*h - h + 11 = 2*a, 2*a - 23 = 3*h. Let n = z - a. What is the units digit of n?
6
Let m(b) = -b**3 + b**2 - b + 14. Let i be m(0). Let d = -19 - -27. Let r = i - d. What is the units digit of r?
6
Suppose 2*h + 5*w = -13 - 7, 2*w = -4*h - 8. Suppose 0 = -5*l + 10 - h. What is the units digit of l?
2
Let n = 8 - 5. Suppose n*b + 5*k - 3*k - 34 = 0, -3*k = -3*b + 9. Suppose -g - 7 = 5*d, -d - b = -2*g - 0. What is the units digit of g?
3
Suppose -2 = -2*k + 10. Let z be 4/1 + -3 + 53. What is the tens digit of 139/k + (-9)/z?
2
Let x = 22 + -74. Let q = 113 + x. What is the tens digit of q?
6
Let f = 278 - 2. Suppose f = 7*d - d. What is the units digit of d?
6
Let y = 72 + -51. Suppose -4*u = -y - 15. What is the units digit of u?
9
Suppose -4*m - 58 = v - 181, 5*v - 5*m - 540 = 0. What is the tens digit of v?
1
Let v(c) = -6 + 0*c + 4*c + c - c. What is the units digit of v(5)?
4
Let t(u) = -72*u + 1. Let j be t(-3). Let q = j + -121. Suppose -2*i + 4*a = 3*i - 91, -5*i - a = -q. What is the units digit of i?
9
Let s(q) = -q**3 - 6*q**2 - 9*q + 3. What is the units digit of s(-5)?
3
What is the units digit of 60/(-9)*(-6)/4?
0
Let p(g) = -g**2 + 7*g + 1. Let j be p(5). Let n = j - 6. Suppose 17 = 4*q + n, -3*k + q = 0. What is the units digit of k?
1
Let l(m) = 3*m**2 - 2*m + 8. What is the units digit of l(-6)?
8
Let h(t) = 2*t + 5. What is the tens digit of h(12)?
2
Let t(z) = z**3 - 5*z**2 - 8*z + 6. Let u be t(6). What is the units digit of 2*(1*-3)/u?
1
Suppose 0 = 2*p - 23 - 25. Let h(i) = i**3 + 8*i**2 - 2*i + 5. Let m be h(-8). What is the tens digit of (p/5)/(m/70)?
1
Let v(p) = p**3 - 2*p**2 - p - 1. Let a be v(2). What is the units digit of (-206)/(-6) + 1/a?
4
Let a(o) = -o**2 + 2*o + 4. Let p be a(-2). Let u = -2 + 8. Let j = u + p. What is the units digit of j?
2
Suppose -270 = -5*n - 5*u, u - 112 = -2*n - 3*u. What is the tens digit of n?
5
Let o(q) = q**3 + 9*q**2 + q + 6. Let c(z) = z**2 + 1. Let s(v) = 5*c(v) - o(v). Let x be s(-4). Let n(h) = h**2 - h + 2. What is the units digit of n(x)?
8
Let v = 15 - 7. Let n = 0 + v. Suppose -n + 36 = 4*w. What is the units digit of w?
7
Let a(d) = d**3 - d**2 - 2*d. Let i be a(3). Let s = i - 7. Suppose 3*p - s*p + 8 = 0. What is the units digit of p?
4
Let f = 427 - 245. What is the tens digit of f?
8
Suppose -m - 1 = 4*a + 5, -3*m + 3*a = 18. Let v(i) be the third derivative of i**5/60 + 7*i**4/24 + 4*i**3/3 - i**2. What is the units digit of v(m)?
2
Let r(j) = j**3 - 10*j**2 - 3. Let b be r(10). Let l = b + -1. What is the units digit of 6/l*4/(-6)?
1
Let r(j) = j**2 + 2*j + 5. What is the units digit of r(-8)?
3
Let y be ((-3)/6)/((-1)/(-32)). What is the units digit of (-4 + 5)*(1 - y)?
7
Let f be (20/12)/(2/12). Suppose -5*m + f*m = 60. What is the units digit of (-1)/(-2) - (-18)/m?
2
Let l(v) = -v**3 + 7*v**2 + v - 5. Let r be l(7). What is the tens digit of -1*(-76)/(r + 0)?
3
Let a(c) = 23*c - 61. What is the tens digit of a(8)?
2
Let s(g) = -g - 1. Let y be s(-2). What is the units digit of (-3)/(y*6)*-14?
7
Suppose 0 = -5*o - 11 + 41. What is the units digit of o?
6
Suppose i = 2*i - v + 1, -v = -3*i - 13. Let d(b) = b**3 + 7*b**2 + 5*b - 5. What is the units digit of d(i)?
1
Let q(d) = -7*d + 20. What is the hundreds digit of q(-28)?
2
Let y = 3 - 1. Let t = -13 - -18. Suppose y*o + 0*o + u = t, 0 = 3*o - 2*u - 11. What is the units digit of o?
3
Let m = 50 + -25. What is the units digit of m?
5
Suppose -5*u + 4 = g, 0*g + 2*g - 1 = -3*u. What is the units digit of (-2 + g)*(-160)/15?
2
Let z(i) = -i**2 + 12*i - 10. What is the units digit of z(11)?
1
What is the tens digit of 6/15 - (-414)/15?
2
What is the units digit of (327/9 + -2)*3?
3
Let v = 5 + -1. Suppose 6*m = v*m + 6. What is the units digit of m?
3
Suppose -5*j + a - 1 - 1 = 0, 3*a = 5*j + 6. Suppose -3*b + 157 - 31 = j. Suppose -q = 2*q - b. What is the tens digit of q?
1
Suppose -5*x = 5, -3*x + 10 = m - 5. What is the units digit of m?
8
Suppose -2*z - 112 = -5*j, 100 = -4*z + 2*z - j. Let s = z + 80. Suppose q + s = 2*y, 2*y = -2*y - 4*q + 52. What is the tens digit of y?
1
What is the tens digit of (132/(-8))/(-11)*58/3?
2
Let d(y) be the third derivative of y**5/60 + y**4/4 + y**3/2 + y**2. Suppose -10 = o - f, 2*o - 4*f + 24 = -f. What is the units digit of d(o)?
3
Let r = 11 - -4. What is the units digit of r?
5
Let x = 17 - 20. Let b(n) = -n**3 - 2*n**2 - 5*n - 6. What is the tens digit of b(x)?
1
Let c be (-12)/(-3) + 2 + 1. Let t = 14 - c. What is the units digit of t?
7
Let b be (-3)/(9/3) + 19. Let n = 12 - 10. Suppose 4*x - b = 2*h, x + n*h - 9 = 7*h. What is the units digit of x?
4
Let k be 3380/44 + 2/11. Let n = k - 53. Suppose 4*l + 2 - n = -2*b, -l = 3*b - 18. What is the units digit of b?
5
Let k(n) = 23*n + 6. What is the units digit of k(3)?
5
Let g(d) = d**3 - 8*d**2 + 10*d - 9. Let v be g(7). Suppose -p - v = 2*p, 4*r + 2*p - 88 = 0. Let a = r + -12. What is the units digit of a?
2
Suppose 3*l - j - 7 = 0, -5*l + 12 = 5*j - 13. Let h(v) be the first derivative of 2*v**3/3 - 5*v**2/2 + 2*v + 4. What is the units digit of h(l)?
5
Let r(y) = 4 - 2 - 1 + 2*y - y. What is the units digit of r(5)?
6
Suppose 3*h + 0 + 3 = 0. Let z(v) = v**2 + 7*v + 2. Let x(n) = n**2 + 3*n + 1. Let q(y) = 7*x(y) - 3*z(y). What is the units digit of q(h)?
5
Let o(t) = -14*t + 4. Let b(x) = 57*x - 17. Let a(s) = -2*b(s) - 9*o(s). What is the tens digit of a(2)?
2
Let d be 1 + 0 + 0 + 1. Suppose d*f + 8 = -2*f. Let q = f - -7. What is the units digit of q?
5
Let a(s) be the third derivative of s**5/20 + s**4/8 + 3*s**2. Let x be a(-3). What is the units digit of 1/(3/x + 0)?
6
Let o = -10 - -18. Suppose -4*t = 3*c - 